e z(2).
-7
Let n(o) = 5*o. Let f be n(1). Let c(k) = 24 + 4*k - 10*k - 27 + 4*k**2 - 3*k**2. Give c(f).
-8
Let o(y) = -y - 12. Let l(q) = q**2 - 15*q + 5. Let f be l(14). Calculate o(f).
-3
Let x(z) = -10*z**2 + z + 1. Suppose 0*k + 5*k = 10. Let l be (2 - k)*1/3. Let q be -2 - (1 + -2 + l). Calculate x(q).
-10
Suppose o + 3*o = 0. Let d(g) = -g + 2 + 0 - 3*g**2 - g**3 + o*g**3. Determine d(-3).
5
Let y(l) = 5*l - 1. Let d(w) = w**2 + 3*w + 1. Let u be d(-3). Determine y(u).
4
Let z = -64 + 69. Let w(h) = h**2 - 5*h - 4. Calculate w(z).
-4
Suppose -5*q = 22 - 2. Let m(a) be the second derivative of -a**4/12 - 5*a**3/6 - a**2/2 - 2*a. Give m(q).
3
Let v(i) = 10*i**3 + 35*i**2 + 42*i + 27. Let p(m) = 7*m**3 + 23*m**2 + 28*m + 18. Let r(g) = 7*p(g) - 5*v(g). Calculate r(-13).
4
Let l(i) = -i**2 + 1. Let f be (2 - 12/8)*-6. Calculate l(f).
-8
Let y(r) be the third derivative of r**6/120 - r**5/20 - 7*r**4/24 + 5*r**3/6 + r**2. Let a(i) = -1 + 2 - i - i + 3*i. Let m be a(3). What is y(m)?
-7
Let b(u) = -u**2 - 5*u + 3. Let w(g) = -2*g**2 + g + 1. Let q be w(2). Let k be b(q). Let a(z) = z**3 - z**2 - 2*z - 4. Calculate a(k).
8
Let k be 7*3*4/42. Let d(p) be the third derivative of -p**4/12 + p**3/6 + p**2. Determine d(k).
-3
Let s be (-3 - -5)*(-10)/4. Let h(u) = 4*u**2 + u + 3 - 7*u - 4 + u**3. What is h(s)?
4
Let r(t) be the first derivative of -t**4/6 - t**3/3 + t**2 - 3*t - 4. Let v(u) be the first derivative of r(u). Give v(2).
-10
Let t(z) = z**2 + z + 1. Let w(y) = 2*y. Let q be w(0). What is t(q)?
1
Let o(a) = a**3 + 14*a**2 - 9*a - 17*a**2 - 3 + 6*a. What is o(4)?
1
Let z be (-56)/42 - (-8)/6. Let r(f) = f**2. What is r(z)?
0
Let y(j) = 8*j**2 - 4*j. Let u(x) = -17*x**2 + 9*x. Let h(c) = 3*u(c) + 7*y(c). Let f be h(-1). Let r(b) = b - b - 3 - 5*b**2 - 5*b**3 + f*b**3. Determine r(5).
-3
Let d(z) = 9 - 5*z - 1 - 2*z - z**2. Let v be d(-8). Suppose v = -2*s - 2*s + 4. Let n(y) = -10*y**3 + y**2. Determine n(s).
-9
Let t(a) be the second derivative of -a**5/20 + 7*a**4/12 + a**3/3 - 9*a**2/2 - 15*a. What is t(7)?
5
Let h(w) = w**2. Let l(d) = 4*d**2 + 7*d. Let q(n) = 3*h(n) - l(n). What is q(-6)?
6
Let y = 2 - 7. Let c(i) be the first derivative of i**4/4 + 4*i**3/3 - 2*i**2 + 4*i - 7. What is c(y)?
-1
Let c = 23 + -23. Let y(m) = 7*m + 1 + 3*m + c. What is y(-1)?
-9
Let x(s) = -5*s + 4. Let f(o) = 6*o - 4. Let l(p) = -3*f(p) - 4*x(p). Give l(4).
4
Let p(j) = 4*j + 18. Let a(y) = y**2 + 8*y - 12. Let h be a(-9). Let x(d) = -d - 6. Let w(l) = h*p(l) - 10*x(l). Determine w(6).
-6
Let l be 11/(11/(-6)) - -2. Let t(o) = 2*o + 2 - o - 3*o. Give t(l).
10
Let f(x) be the second derivative of x**4/12 - 7*x**3/6 - x**2 + 13*x. What is f(7)?
-2
Let k(b) = 3*b**3 + b. Suppose -2*m + 3*t - 4 = 0, 6*t - 2*t - 11 = -3*m. Give k(m).
4
Let p = -7 + 10. Suppose p*f - 3*g + 6 = 0, -4*g = -0*g - 16. Let a(t) = -2*t**2 - 2*t. What is a(f)?
-12
Let p(w) be the first derivative of w**3/6 - 7*w**2/2 + 6*w + 2. Let d(c) be the first derivative of p(c). Determine d(5).
-2
Let f(x) = 5 + 8*x - 4*x - 5*x. Let b be 9/12*(1 + -5). Let z be b*4/(-3) + -1. Calculate f(z).
2
Let u be -4 - (-1 - -3)/1. Let f = 3 + u. Let a(s) = -3*s + 0*s**2 - 2*s - s**2 + 2. What is a(f)?
8
Let p(f) = 5*f**2 - f. Let k(z) = z + 7. Let i be k(-8). What is p(i)?
6
Let f(i) be the third derivative of -i**4/24 + i**3/3 + 3*i**2. What is f(5)?
-3
Let g(y) = 3*y**3 + 3*y**2 + 3*y + 3. Let r(v) = -v**3 - 2*v**2 - v - 1. Let q(o) = -2*g(o) - 5*r(o). Determine q(3).
5
Let p(d) be the first derivative of -4*d**3/3 + 3*d**2/2 - 3*d - 1. Let t(y) = y**2 - 7*y + 8. Let x be t(6). Calculate p(x).
-13
Let u(i) = -2*i - 2 + 7*i - 4*i. Let f be u(0). Let r(k) = -2*k + 0 - 2 + k. What is r(f)?
0
Let j(v) be the third derivative of -v**8/6720 + v**7/2520 - v**6/360 + v**5/60 - v**4/24 + 6*v**2. Let y(f) be the second derivative of j(f). Give y(2).
-6
Let k = -1 + -1. Suppose -5 = t - 1. Let v(x) = 3*x**3 + 3*x**2 + 5*x + 2. Let a(b) = b**3 + b**2 + b + 1. Let g(l) = t*a(l) + v(l). Give g(k).
0
Let z(h) = 2*h**3 - h**2 + 2*h + 6. Suppose 2*c = 4*c + 6. Let s(b) = -12 - 4*b - 3*b**3 - 2 + 3 + b**2. Let n(y) = c*s(y) - 5*z(y). Determine n(3).
0
Let p(u) = 3 + 9*u**3 - 2*u**2 - 1 - 1. Let a(t) = -t**2 - t + 7. Let x be a(2). What is p(x)?
8
Let b(o) = o**2 + o - 4. Let g be b(-3). Let a(r) = -6 + 0*r - r - r**3 - 3*r**2 + 2*r. Let l(f) = -f**2 - 1. Let x(i) = -a(i) + 4*l(i). Calculate x(g).
4
Let b(o) = o + 1. Let j(t) = -4*t - 7. Let c = 4 + -7. Let k(m) = c*b(m) - j(m). Give k(-4).
0
Let f(r) = -r**2 + 2*r - 1. Let o = 6 + -10. Let n = 5 + o. Calculate f(n).
0
Let j(z) = 2*z - 5*z + 2 - 1. Let c = 11 - 12. Give j(c).
4
Suppose f = -3*i + 5*i + 6, 0 = i. Let q(u) = -u + 2. Let x(v) = 2*v - 5. Let m(d) = -5*q(d) - 2*x(d). Give m(f).
6
Let d(g) be the first derivative of g**4/4 + 3*g**3 + 7*g**2/2 - 7*g - 27. Determine d(-8).
1
Let t(n) = -n. Let g(i) = 1. Let k(s) = -3*g(s) - t(s). Determine k(3).
0
Let u be (3/(-2))/((-2)/(-36)). Let q be u/5 + 2/5. Let x = q + 6. Let b(k) = -3*k + 1. Calculate b(x).
-2
Let i(l) = l**3 + 4*l**2 + l + 3. Let p be (6 + -3)*(-3)/(-9). Let t = p - 5. Determine i(t).
-1
Let a(q) = -q**2 + 3*q + 5. Let f = -7 - -12. Let p be a(f). Let v(x) = -5 - 4*x**2 + 5*x + 2*x**3 - x**3 - 2*x**3. What is v(p)?
-5
Suppose -4*b + 2 = -3*b. Let i = b - 4. Let t(c) = -c - 2*c + 2*c**2 - 4*c**2. Give t(i).
-2
Let h = 41 + -40. Let d(b) be the first derivative of 1/2*b**2 + b - h. Give d(-5).
-4
Let w(n) = 7*n. Let j(u) = -6*u. Let b(a) = -6*j(a) - 5*w(a). Calculate b(-4).
-4
Let y(g) = 0*g - 1 - 4*g + 3*g. Let q = -165 + 159. Determine y(q).
5
Let b(w) = 339*w - 339*w - 1 - 6*w**2. Let c = 0 - -1. Calculate b(c).
-7
Suppose 3*u + 5 = o, -6*o = -4*o - 3*u - 10. Let q(h) be the second derivative of 0 - 5/6*h**3 + 1/2*h**2 + 3*h + 1/12*h**4. Calculate q(o).
1
Let w(k) = -k + 9. Let i be 0 + (-1 - -3 - 0). Let t(o) = 2. Let n(d) = i*w(d) - 9*t(d). Let b be (-24)/10 + 2/5. What is n(b)?
4
Suppose -5*k = -2*g - 2*g + 3, -2*g = -4. Let c be k - (2 + 3 + -4). Let w = c + 3. Let x(y) = y**3 - 4*y**2 + 3*y + 2. Determine x(w).
2
Suppose -3*w + 0*c = -5*c - 4, -w - 5*c = -28. Let y(p) = -p**3 + 7*p**2 + 7*p + 2. What is y(w)?
-6
Let p = 2 - 0. Suppose -6*n + 10 = 2*o - p*n, -4*o + 3*n = 24. Let t(c) = -c**2 - c + 4. What is t(o)?
-2
Let a(n) = 0 + 4 - 4*n - 2 - 5. Let k(w) = -6*w - 4. Let g(c) = 7*a(c) - 5*k(c). Give g(1).
1
Suppose -5*p + 41 = 3*w - 9, 10 = p - 2*w. Suppose -3*k + 5 = -p. Let a(l) = l**3 - 5*l**2 - l + 6. What is a(k)?
1
Let l(w) = -w. Let b(q) = -7*q + 4. Let u(m) = -b(m) + 6*l(m). Give u(6).
2
Let m(l) be the second derivative of -l**5/20 + l**4/4 + 5*l**3/6 + l**2 + 3*l. Determine m(4).
6
Let v(u) = 11*u**3 + 7*u**2 - 33*u + 19. Let y(b) = 5*b**3 + 4*b**2 - 16*b + 9. Let r(q) = -6*v(q) + 13*y(q). Determine r(9).
-6
Let g(u) be the first derivative of 0*u**2 + 0*u + 1/3*u**3 - 1 + 1/120*u**5 - 1/8*u**4. Let r(i) be the third derivative of g(i). Give r(0).
-3
Let x(o) = 2*o - 1. Suppose 5*n + 5*t = 2*n + 13, -2*n + 4*t = 28. Calculate x(n).
-9
Suppose -5 = -4*h - 17. Let r(k) = -k + 2*k**3 + 3*k**3 - 9*k**3 - 3*k**2 + 4 + 3*k**3. Determine r(h).
7
Let m(u) = -2. Let a(y) be the first derivative of -y**2/2 - y - 7. Let d(k) = 2*a(k) - m(k). Suppose 2*b + 2*b - 12 = 0. Calculate d(b).
-6
Let n be -7*1 + -4 + 6. Let x = n + 7. Let t(j) = 4*j**3 + 8*j**2 + 6*j + 1. Let p(k) = 3*k**3 + 7*k**2 + 5*k + 1. Let h(v) = 6*p(v) - 5*t(v). Determine h(x).
-7
Let n(c) = -3*c**3 - 12*c**2 - 7*c + 7. Let g(q) = 2*q**3 + 8*q**2 + 5*q - 4. Let w(j) = 8*g(j) + 5*n(j). Calculate w(-3).
-3
Let q(j) = 3*j**3 + 5*j + 1. Let x(o) = o**3 + o**2 + 1. Let p(g) = q(g) - 4*x(g). What is p(-5)?
-3
Let z(y) be the first derivative of -y**4/4 - 2*y**3 - 5*y - 16. Give z(-6).
-5
Let q(j) = j**2 - j - 1. Let w(f) = -3*f**3 - 2*f**2 + 5*f + 4. Let c(d) = 5*q(d) + w(d). What is c(2)?
-13
Let w be (7/14)/((-1)/(-4)). Let f(u) = 2*u**w + 1 - 4*u + 3 - 2 + 1. What is f(2)?
3
Let g(o) = -o + 0*o - 392*o**2 + 0*o + 397*o**2. What is g(1)?
4
Suppose -2*y = -5*o - 23, -o - 1 = 5*y - 18. Suppose -8 = -2*z - y. Let x(c) = -16*c**2 + 13*c**z - 2*c**3 + 3 + c**3. Give x(-3).
3
Let t = 83 + -82. Let f(m) = -15*m - 1. Determine f(t).
-16